der when 155664 is divided by 53?
3
What is the remainder when 103422 is divided by 3113?
693
Calculate the remainder when 109467 is divided by 3952.
2763
What is the remainder when 472289 is divided by 795?
59
Calculate the remainder when 1134419 is divided by 27667.
72
Calculate the remainder when 265235 is divided by 130666.
3903
Calculate the remainder when 344014 is divided by 435.
364
What is the remainder when 26048 is divided by 860?
248
What is the remainder when 3139779 is divided by 92?
3
Calculate the remainder when 244455 is divided by 5983.
5135
Calculate the remainder when 28723488 is divided by 833.
815
Calculate the remainder when 182770 is divided by 2104.
1826
Calculate the remainder when 6893365 is divided by 1739.
1708
What is the remainder when 396068 is divided by 536?
500
What is the remainder when 2073799 is divided by 50?
49
What is the remainder when 2845873 is divided by 5165?
5123
What is the remainder when 181640 is divided by 7893?
101
What is the remainder when 184080 is divided by 11072?
6928
What is the remainder when 133462 is divided by 3384?
1486
Calculate the remainder when 122060 is divided by 2000.
60
What is the remainder when 3014323 is divided by 1033?
29
Calculate the remainder when 120405 is divided by 36730.
10215
Calculate the remainder when 1358980 is divided by 88.
84
What is the remainder when 127851296 is divided by 779581?
12
Calculate the remainder when 21736395 is divided by 82.
81
Calculate the remainder when 35584752 is divided by 89.
60
What is the remainder when 54253974 is divided by 356934?
6
Calculate the remainder when 3571480 is divided by 375.
355
What is the remainder when 10987 is divided by 2616?
523
What is the remainder when 84681 is divided by 2286?
99
What is the remainder when 40098 is divided by 818?
16
What is the remainder when 157491 is divided by 390?
321
Calculate the remainder when 159487 is divided by 2020.
1927
What is the remainder when 1399426 is divided by 392?
378
Calculate the remainder when 87187741 is divided by 16.
13
Calculate the remainder when 172021312 is divided by 906.
904
What is the remainder when 1383423 is divided by 29?
7
What is the remainder when 11941548 is divided by 178232?
4
What is the remainder when 129867964 is divided by 77?
72
What is the remainder when 533677 is divided by 106729?
32
What is the remainder when 181614122 is divided by 11906?
11904
What is the remainder when 5613903 is divided by 546?
477
What is the remainder when 10922925 is divided by 14?
13
What is the remainder when 3936835 is divided by 24?
19
Calculate the remainder when 59240 is divided by 27009.
5222
Calculate the remainder when 262808960 is divided by 33.
29
What is the remainder when 492162 is divided by 134?
114
Calculate the remainder when 111358 is divided by 13917.
22
What is the remainder when 116499 is divided by 382?
371
Calculate the remainder when 12211234 is divided by 636.
34
What is the remainder when 2410618 is divided by 49?
14
Calculate the remainder when 74839 is divided by 1811.
588
Calculate the remainder when 873192 is divided by 4240.
3992
Calculate the remainder when 28132 is divided by 1562.
16
Calculate the remainder when 640065 is divided by 289.
219
Calculate the remainder when 3545183 is divided by 1762.
39
What is the remainder when 8084626 is divided by 224572?
34
What is the remainder when 64449997 is divided by 6445?
6442
Calculate the remainder when 2888759 is divided by 1503.
1496
Calculate the remainder when 123462 is divided by 5855.
507
Calculate the remainder when 24109361 is divided by 2727.
2681
Calculate the remainder when 246672 is divided by 3284.
372
What is the remainder when 2782994 is divided by 31?
0
What is the remainder when 2199376 is divided by 421?
72
Calculate the remainder when 4545583 is divided by 1136394.
7
What is the remainder when 7875 is divided by 1370?
1025
What is the remainder when 2917713 is divided by 622?
533
Calculate the remainder when 9560447 is divided by 102.
89
Calculate the remainder when 2794443 is divided by 698605.
23
What is the remainder when 12447573 is divided by 2074594?
9
Calculate the remainder when 2640665 is divided by 56.
41
What is the remainder when 683940 is divided by 1781?
36
Calculate the remainder when 139825304 is divided by 135.
134
What is the remainder when 1134700 is divided by 809?
482
What is the remainder when 1453606 is divided by 239?
8
What is the remainder when 4982851 is divided by 237272?
139
What is the remainder when 479179 is divided by 3152?
75
What is the remainder when 254874 is divided by 1457?
1356
Calculate the remainder when 3744643 is divided by 1248210.
13
What is the remainder when 434099 is divided by 1794?
1745
Calculate the remainder when 4926321 is divided by 3704.
1
Calculate the remainder when 6847498 is divided by 66.
64
What is the remainder when 2930695 is divided by 1465337?
21
What is the remainder when 13449116 is divided by 371?
366
Calculate the remainder when 3748252 is divided by 129223.
785
Calculate the remainder when 46065 is divided by 716.
241
What is the remainder when 220770198 is divided by 7655?
7653
Calculate the remainder when 485427 is divided by 2994.
399
What is the remainder when 352658 is divided by 6?
2
What is the remainder when 115031 is divided by 2722?
707
What is the remainder when 3083544 is divided by 436?
152
Calculate the remainder when 258133 is divided by 812.
729
What is the remainder when 170124 is divided by 27?
24
Calculate the remainder when 32520 is divided by 1097.
707
What is the remainder when 93566422 is divided by 14?
12
What is the remainder when 177936 is divided by 1060?
916
Calculate the remainder when 25854 is divided by 24643.
1211
Calculate the remainder when 212901 is divided by 540.
141
What is the remainder when 39175 is divided by 96?
7
Calculate the remainder when 112376 is divided by 5912.
48
What is the remainder when 71837 is divided by 3?
2
Calculate the remainder when 1205160 is divided by 10378.
1312
Calculate the remainder when 17196041 is divided by 4298993.
69
What is the remainder when 5280259 is divided by 406173?
10
Calculate the remainder when 30977099 is divided by 596.
595
What is the remainder when 32553866 is divided by 10?
6
Calculate the remainder when 2385704 is divided by 13710.
164
Calculate the remainder when 3242740 is divided by 56890.
10
What is the remainder when 33156 is divided by 2351?
242
Calculate the remainder when 2984091 is divided by 746020.
11
Calculate the remainder when 2831501 is divided by 863.
861
Calculate the remainder when 213043862 is divided by 1118.
18
Calculate the remainder when 28755 is divided by 2569.
496
What is the remainder when 5435932 is divided by 7?
5
Calculate the remainder when 8219125 is divided by 22580.
5
What is the remainder when 725712 is divided by 10487?
2109
What is the remainder when 738003 is divided by 52714?
7
Calculate the remainder when 10537015 is divided by 1501.
1496
Calculate the remainder when 799802 is divided by 225.
152
Calculate the remainder when 59950013 is divided by 604.
597
Calculate the remainder when 10312 is divided by 8562.
1750
What is the remainder when 858288 is divided by 12604?
1216
What is the remainder when 10087566 is divided by 10574?
10544
Calculate the remainder when 46706 is divided by 15448.
362
Calculate the remainder when 1835529 is divided by 262160.
409
What is the remainder when 52307 is divided by 12983?
375
What is the remainder when 205411 is divided by 2504?
83
Calculate the remainder when 46520 is divided by 1010.
60
What is the remainder when 2968189 is divided by 62?
1
What is the remainder when 18339 is divided by 17928?
411
Calculate the remainder when 91937 is divided by 3273.
293
What is the remainder when 7950316 is divided by 3974927?
462
What is the remainder when 16023235 is divided by 205426?
7
Calculate the remainder when 196381182 is divided by 1015.
1012
What is the remainder when 107273 is divided by 4267?
598
Calculate the remainder when 46052505 is divided by 584.
17
Calculate the remainder when 80027 is divided by 13202.
815
Calculate the remainder when 958913 is divided by 4102.
3147
Calculate the remainder when 108882 is divided by 6